*2 - 4*s - 5. Let w be m(5). Calculate the greatest common divisor of p and w.
6
Let n(g) = 8*g**2 + 23*g + 14. Let p be n(-5). Let m = p - 97. Calculate the greatest common divisor of 10 and m.
2
Suppose -i - 65 = -p, 3*i = -2*p + 4*p - 129. Suppose 3*u = -x + p, -3*x = x + 12. What is the highest common divisor of u and 207?
23
Let i be 30/10 - -2 - (-1 - 3736). What is the highest common divisor of 4 and i?
2
Suppose -2*v - 108 = -8*v. Let a be 534/27 - (-4)/v. Let g = 119 - a. What is the greatest common factor of 9 and g?
9
Let b(n) = 3*n**3 - 7*n**2 - n + 6. Let a(p) = -p**2 + 1. Let c(m) = 6*a(m) - b(m). Let w be c(-2). What is the greatest common divisor of w and 65?
13
Suppose -48*h - 17 = -53*h + 2*m, 5*m - 20 = 0. What is the greatest common divisor of 1205 and h?
5
Let z(d) = 50*d + 3062. Let k be z(-40). What is the highest common divisor of 36 and k?
18
Suppose y = -3*y - 172. Let s = 67 + y. Suppose -6*c + 160 = -c. What is the highest common factor of s and c?
8
Suppose 5*l - 668 = -3*t + 10, 0 = -4*l + 2*t + 560. Let r = 153 - l. Calculate the highest common divisor of r and 15.
15
Let k be 32/(-5 - 57/(-11)). What is the highest common divisor of 64 and k?
16
Let m = -4523 - -4616. Calculate the highest common divisor of m and 961.
31
Let c(g) = 21*g - 105. Let x be (-6)/(-12) - 17/(-2). Let o be c(x). Calculate the greatest common divisor of 21 and o.
21
Let s be ((-10)/6)/((-6)/8640*2). Let p = 1463 - 1413. Calculate the greatest common divisor of p and s.
50
Suppose 5*k + 3329 = 4109. What is the highest common divisor of 192 and k?
12
Suppose -514 = -3*j + 2*u - 0*u, -2*j + 3*u + 346 = 0. Let x = -238133 + 238143. What is the greatest common divisor of j and x?
10
Suppose -4*g + 48 = -5*q, -4 = -2*g + 5*q + 20. Suppose -v - 5*v + 18 = 0. Suppose v*s - 21 = 6. What is the greatest common divisor of g and s?
3
Let a be ((-216)/(-10))/((-4)/20). Let m be (a/(-45))/(5/(1400/12)). What is the highest common factor of m and 28?
28
Suppose -2*t - 4*g + 138 = 0, -4*g = -4*t - 616 + 856. What is the highest common divisor of t and 216?
9
Suppose -706*o + 710*o = -3*q + 161, -2*q + 147 = -3*o. What is the highest common divisor of q and 336?
21
Let v = 4962 + 843. What is the greatest common divisor of v and 258?
129
Let x be 2/(-6) + 511/21. Let i be (-1500)/(-90) + 2/(-3). What is the highest common factor of x and i?
8
Let x be 1/(-7)*2 + 240/(-42). Let u be 2/((14/x)/(-7)). Calculate the greatest common factor of u and 81.
3
Suppose 3*u + 2*u - 3*x = 123, -2*x = -4*u + 100. Let w = -23 + 19. Let f be w - (-579)/(-6)*-2. Calculate the greatest common factor of u and f.
27
Let u = -53 - -53. Suppose u = -3*z - 2*z - 40. Let j = z - -11. Calculate the highest common factor of j and 1.
1
Suppose 0*x + 5*x - 70 = 0. Let q = x + -5. Suppose 48 = 4*p + 3*n, -p = 8*n - 12*n + 7. What is the highest common factor of q and p?
9
Let h be 208/468 + 501/27 - 7. Let u = 107 - -25. Calculate the greatest common divisor of u and h.
12
Let f = 38 - 248. Let q = f + 225. Let l(y) = -24*y - 9. Let w be l(-6). Calculate the greatest common divisor of w and q.
15
Let n be (-26)/3*28032/(-7592). Calculate the highest common factor of n and 2372.
4
Suppose 73*l - 20 = 68*l. Suppose l*j - 196 = -4*o, -4*j - 6*o = -4*o - 192. Suppose -51*g + 392 = -j*g. What is the greatest common divisor of 14 and g?
14
Let o = 1447 - 690. Let k = -740 + o. Calculate the greatest common divisor of 221 and k.
17
Suppose 0 = 1160*t - 1158*t + 182. Suppose -f + 3 - 46 = 0. Let a = f - t. What is the highest common factor of a and 16?
16
Let f be (13 - 4) + -4 - -2*152/16. Let s(n) = -n**2 - 5*n + 9. Let c be s(-6). What is the greatest common factor of c and f?
3
Let b(z) = -11*z + 34. Let d be b(-12). Suppose -d = -4*k - 38. What is the greatest common factor of k and 128?
32
Let y(j) = j**3 + 23*j**2 + 125*j - 28. Let u be y(-12). What is the highest common divisor of 17528 and u?
56
Let c be 69*5/15 - 2. Suppose -3*z = -c*z + 18. What is the greatest common factor of 5 and z?
1
Let z = 12581 - 12516. What is the highest common factor of 55 and z?
5
Let m = -1129 + 1186. What is the greatest common factor of 4731 and m?
57
Let r(m) = -m**3 - 11*m**2 - 12*m + 7. Let d be r(-10). Let j = 12 - d. Let u(l) = -8*l - 48. Let k be u(j). What is the greatest common divisor of 8 and k?
8
Let w = -54 + 30. Let z = -41 - w. Let s = z + 30. What is the greatest common factor of s and 26?
13
Let g(l) = 266*l**2 + 88*l - 187. Let q be g(2). What is the greatest common factor of q and 117?
117
Let z be 4 - (-155)/(-40) - 2162/16. Let w = z + 312. Calculate the greatest common factor of w and 236.
59
Suppose 11*f - 15*f = 16. Let a be -135*1*f/6*2. Suppose -3*h - 432 = -3*c + 117, -a = -c - 2*h. What is the highest common factor of 14 and c?
14
Suppose -z = -b - 183, -1163 = -4*z - 5*b - 368. Calculate the greatest common factor of z and 2584.
38
Let b be 3*(-2)/(-12)*2. Suppose 3*w - 4*l - 23 = 0, l = -3*w - 472 + 485. What is the highest common factor of b and w?
1
Let c be ((-328)/(-40) - 8)*1420. What is the highest common divisor of 213 and c?
71
Suppose -7*g = 2*g - 99. Suppose g*d = -8*d + 1330. What is the highest common divisor of 10 and d?
10
Let h = 613 + -612. Suppose a + h = 5*y, 2*a - 9*y + 10*y - 9 = 0. Let j be 1 + 0 + 63 + 0. What is the highest common factor of a and j?
4
Let d = -4208 + 4704. Calculate the highest common factor of 1085 and d.
31
Suppose -104*j = -252*j + 129*j + 3629. Calculate the greatest common factor of j and 50233.
191
Let h(l) = -8371*l - 623. Let r be h(-1). Calculate the highest common factor of 104 and r.
52
Suppose 0 = -5*b + 294 + 506. Suppose -2*o = 2 - 4. Let n(h) = 9*h**2 - h + 2. Let l be n(o). Calculate the greatest common divisor of b and l.
10
Let o(i) be the second derivative of 6*i**3 - 289*i**2/2 + 34*i + 3. Let f be o(9). Calculate the highest common factor of 91 and f.
7
Let q(c) = c**2 + 5*c - 11. Let x(d) = -2*d - 26. Let s be x(-9). Let v be q(s). What is the highest common divisor of 65 and v?
13
Suppose -237 = -a - 5*h + 66, -a = -5*h - 303. Let z = -299 + a. Calculate the highest common divisor of 20 and z.
4
Let k = -48 + 85. Suppose 4*a - 16 = -5*c, -5*a + c = -7*a + 2. Let u be a - -5 - (-290 + -2). Calculate the greatest common factor of k and u.
37
Suppose -1174 = -3*q - l, 19*q - 17*q + l - 784 = 0. Calculate the greatest common divisor of 24 and q.
6
Let c = 189 + -189. Suppose -7*t + 218 - 134 = c. What is the highest common factor of t and 324?
12
Let f be 266/(-4 + -15) - -1763. What is the highest common divisor of f and 33?
33
Let x(u) = -u**2 - 28*u + 167. Let r be x(-33). Suppose -r*s + 35 = -3*b, 9 - 10 = -b. Calculate the highest common factor of s and 380.
19
Let t(b) = 2*b**2 - b - 5. Let d be t(-3). Suppose -4*z + 2*r + 44 = 0, 0 = 4*z - 5*r - 40 - d. What is the greatest common factor of z and 1?
1
Let o(h) = -3*h + 2. Let k be o(6). Let v = -14 - k. Suppose 3 - 1 = -2*g - 2*r, -3*r = 4*g. What is the greatest common factor of g and v?
1
Let u = 16 - 7. Suppose 283 - 451 = -o + 3*m, -o - 3*m + 174 = 0. Calculate the greatest common divisor of o and u.
9
Let v = 32 + -12. Let t be 2 - v*10/(-4). Let y = 1924 - 1911. What is the highest common divisor of y and t?
13
Let p = -152 - -157. Let n be (-71 - -194) + (-1 + 2 - p). What is the highest common divisor of n and 17?
17
Let o be 1/(3/(-3))*-35*5. Let h(g) = -2*g**2 + 29*g - 7. Suppose 0 = -t - 11 + 25. Let s be h(t). Calculate the highest common factor of o and s.
7
Let n = -3379 - -7999. Calculate the highest common divisor of 6 and n.
6
Let l(m) = 3*m**2 - 6*m - 142. Let h be l(-6). What is the greatest common factor of h and 5?
1
Suppose 0 = 11*j - 16*j + 15. Let r be (-1)/6*j*-10. Suppose 3*v = 4*v + 4*b - 92, -5*v + 445 = r*b. What is the highest common divisor of v and 8?
8
Let w be (-52)/20 - (-1493)/5. Let g = -34 + 42. What is the greatest common factor of w and g?
8
Let b(h) = 3*h**2 - 14*h + 419. Let n be b(29). What is the highest common divisor of n and 56?
8
Suppose -119*s = -115*s - 544. Calculate the highest common divisor of s and 1700.
68
Suppose -10 = -3*k - 43. Let f be -19 + 3 - k - 17/(-1). What is the highest common divis